v + v**2 + 3*v**2 + 5. List the prime factors of g(-4).
13
Suppose -3*d + 48 = -2*d. List the prime factors of d.
2, 3
Suppose 0 = 4*p - 1 + 25. List the prime factors of p/(-12) - 5/(-2).
3
Let a(p) = p**3 - 7*p**2 + 3*p - 2. Let v be (-1)/2 - (-60)/8. Let s be a(v). Let g = s - 12. What are the prime factors of g?
7
Let q be (10/(-4))/((-1)/2). Let v = 8 - q. Suppose 0 = -3*z + f + 13, 4*z - 13 = v*f + 1. List the prime factors of z.
5
Suppose -2*j + 222 = 3*y, -j + 124 - 16 = 3*y. Suppose -s + 27 = n + 4*n, -5*s + j = 4*n. List the prime factors of s.
2, 11
Let o be 23*2/6*3. Let q = o - 0. List the prime factors of q.
23
Let j(o) = o**2 - 17*o - 14. Let w be j(18). Suppose 3*g = 4*k + w*g - 44, 0 = 4*k - 2*g - 32. What are the prime factors of k?
2, 5
Suppose 5*o - 5 = 20. Suppose 2*m = o*p + 22, m - 32 = -3*m + 4*p. Suppose m*d = d + 50. List the prime factors of d.
2, 5
Suppose -10 = -2*d + f, -3*d - 5 = -4*d + 4*f. What are the prime factors of d?
5
Let t be ((3 - 2) + 2)*1. Suppose -4*v + 14 + 5 = t*b, -5*v + 47 = -4*b. List the prime factors of v.
7
Let r be 36/(-4)*(-3 - 1). Suppose -2*a = -5*a - 3*p + r, 3*a = 2*p + 51. What are the prime factors of a?
3, 5
Suppose 0*a - 4*a = -z + 30, -3*a + 3 = 0. Suppose -5*y + z + 16 = 0. List the prime factors of y.
2, 5
Let i = -8 + 13. List the prime factors of (-2 + i)/(-9)*-69.
23
Suppose 0 = d + d - 208. What are the prime factors of d?
2, 13
Let f = 104 + -58. List the prime factors of f/2 + -3 + 0.
2, 5
Let b(f) = -f**3 - 4*f**2 + 6*f + 5. Let a be b(-5). Suppose 1 = -s - a. What are the prime factors of 12 - (s + -3 + 1)?
3, 5
Let x be -2 - 9/((-3)/1). What are the prime factors of 4 - (0 + 2 - x)?
3
Suppose -o = 4*p + o - 48, 2*p + 2*o - 28 = 0. Let s be 762/10 + (-2)/p. Suppose -24 + s = 4*v. What are the prime factors of v?
13
Let l be 20*2/(-6)*-3. Let v = l + -12. List the prime factors of v.
2
Suppose -2*d + 3*d = 5. Suppose -2*y + 15 = -d. List the prime factors of y.
2, 5
Let n(t) = -2*t**2 + 4*t**2 + 2 + 4*t + t**2. What are the prime factors of n(-2)?
2, 3
Let t(c) = 3*c**2 + 8*c - 11. What are the prime factors of t(4)?
3, 23
Let w(a) = -a**3 + 12*a**2 - 13*a + 10. What are the prime factors of w(10)?
2, 5
Suppose 0 = 2*i + 2 - 0. Let o(c) = 30*c**2 - c. What are the prime factors of o(i)?
31
Let y = 21 - 4. Let z = -4 + y. What are the prime factors of z?
13
Let g(s) = -55*s**3 + s + 1. Let q be g(-1). Suppose -q = -7*v + 2*v. What are the prime factors of v?
11
Let k = -14 - -77. Let m = -13 + k. Suppose 25 = 5*u - m. List the prime factors of u.
3, 5
Let w be (35 - -1)*(-8)/(-16). List the prime factors of (1 - 12)/((-9)/w).
2, 11
Let a = -8 - -18. What are the prime factors of (-162)/(-10) + (-2)/a?
2
Let x(u) = u**2 - 11*u + 13. Let c be x(10). List the prime factors of 21 - (0 - (-6)/c).
19
Let g(c) = -c**2 + 3*c + 6. Let p be g(4). Suppose -z + 116 = 5*o, -5*o + p*z = -0*o - 113. What are the prime factors of o?
23
Let m(n) be the second derivative of -n**3/6 + 13*n**2/2 + 4*n. List the prime factors of m(6).
7
Let i(k) = -k**3 + 7*k**2 + 9*k - 17. List the prime factors of i(7).
2, 23
Let h(v) = -14*v. Let o be h(1). Let t = 6 - o. Let b = t - 10. List the prime factors of b.
2, 5
Suppose -5*a + 0*d = 2*d - 18, a - 5*d = -18. Let u = a - 0. Suppose 0*o = -u*o + 18. List the prime factors of o.
3
Let o(j) = 3*j - 1 + j**3 + 24 - 2*j. What are the prime factors of o(0)?
23
Let u(y) = y**2 - 2*y + 1. Let h be u(8). Suppose -2*v = -v + 3, 4*b = -v + h. What are the prime factors of b?
13
Let o(b) = b**3 + 10*b**2 - 6*b - 14. What are the prime factors of o(-10)?
2, 23
Let z(o) = -6*o. Let j(h) = -h + 4. Suppose -4*l - 3*c = 7 - 37, -8 = -4*c. Let p be j(l). What are the prime factors of z(p)?
2, 3
Let v = -51 + 119. What are the prime factors of v?
2, 17
Suppose 380 = 3*y - 553. What are the prime factors of y?
311
Let g(q) = 21*q**3 - q**2 + 2*q - 1. List the prime factors of g(1).
3, 7
Let l(r) = -28*r - 3. Let m be l(-2). Let d = 109 - m. What are the prime factors of d?
2, 7
Suppose -7*x + 3*x - 8 = 0, -5*m - x = -18. Suppose 12 = m*y - 0. What are the prime factors of y?
3
Suppose 0 = 2*f - 19 - 33. What are the prime factors of f?
2, 13
Suppose 0 = 3*z + k - 12, 5*z = -2*k + k + 20. Suppose z*t + 2*q - 29 = 43, -4*t = -3*q - 72. List the prime factors of t.
2, 3
Suppose -2*d - 3 = d. What are the prime factors of 7*((d - -1) + 2)?
2, 7
Suppose 4*x - 29 = 3*o, 2*x + o - 14 = 3. List the prime factors of -3*x/12 + 32.
2, 3, 5
Suppose 4*b - 32 = -4. Suppose -2*l - 165 = -b*l - 5*q, 162 = 4*l - 2*q. What are the prime factors of l?
2, 19
Let m be (-3 + 3)/(0 - -2). Suppose 4*b - 155 = 3*h, m*b - 5*h + 115 = 4*b. List the prime factors of b.
5, 7
Let o = 20 - 13. Let a = 47 - o. What are the prime factors of a?
2, 5
Suppose 15*h = 12*h - 3. List the prime factors of 11/((-1 - 0)*h).
11
Let d(h) = -21*h - 3. Let v be d(2). List the prime factors of (-2)/4*(v - 1).
23
Suppose 0 = n + 4*f - 29, 0 = -2*n + 4*f - 4 + 2. Suppose n*m - 105 = 4*m. List the prime factors of m.
3, 7
Suppose 8*g + 100 = 13*g. Let p = 6 + g. What are the prime factors of p?
2, 13
Let c = -7 - -12. Let p = 1 + c. What are the prime factors of p?
2, 3
Suppose -5*l - 365 = 2*o, 2*l + 183 - 37 = 3*o. Let x = 103 + l. Suppose -3*a - x = -6*a. What are the prime factors of a?
2, 5
What are the prime factors of 65 - 4/(-16)*0?
5, 13
Let c(r) = -r + 2. Let t be c(-1). Suppose -3*a + a + 2*y = -66, -t*a - 5*y + 67 = 0. What are the prime factors of a?
29
Suppose 0 = -v - 27 - 24. Let n = v - -78. What are the prime factors of n?
3
Let t be ((-2)/(-2))/((-3)/(-153)). Suppose -5*h + 92 = 2*d, t = 3*h - 2*d - d. What are the prime factors of h?
2, 3
Suppose -13*u = -179 - 198. What are the prime factors of u?
29
Let m be 1*0/(-5 - -2). Suppose j + 0*j - 2 = m. What are the prime factors of j?
2
Suppose -30 + 5 = -5*p. Suppose -2*r = -p - 1. Suppose 2*l + 2*w - 28 = 0, 3*w = -r*l - w + 38. What are the prime factors of l?
2, 3
Suppose -b - 32 + 209 = 0. Let a = -91 + b. What are the prime factors of (-1)/(-2) - a/(-4)?
2, 11
Let v = -73 + 167. List the prime factors of v.
2, 47
List the prime factors of 6/(159/306 + 4/(-8)).
2, 3, 17
Let z = 289 - 206. Let w = z - 33. What are the prime factors of w?
2, 5
Let t(h) = -h**3 - 5*h**2 + 4*h + 7. Let g = 14 + -20. What are the prime factors of t(g)?
19
List the prime factors of 27/(-18)*(-82)/3.
41
Let p = 66 - 36. Suppose 0 = 6*k - 4*k - p. What are the prime factors of k?
3, 5
Let v = -12 - -12. List the prime factors of (v + 4)/(-1)*-3.
2, 3
Let w(m) = m**3 + 8*m**2 - 13*m - 8. What are the prime factors of w(-9)?
2, 7
Let j be 1/(-2)*6 + 6. Let s(y) = -y**2 + j*y**2 + y**2 - 4*y - 3 + 4*y**3 - 3*y**3. List the prime factors of s(-3).
3
Let f = 63 + -11. What are the prime factors of f?
2, 13
Suppose 16 = -2*n + 4. List the prime factors of (3 - (-62)/n)*-3.
2, 11
Suppose -23 = 2*r - 93. List the prime factors of r + -2 + 2 + -4.
31
Suppose -3*s - 3 = -4*s. Suppose -m - 4*p = -28, -s*p = -m - m + 45. Suppose -5*u + 2*u = -m. List the prime factors of u.
2
Suppose 11*o = 6*o + 1625. List the prime factors of o.
5, 13
Suppose u - n - 2*n = 3, 5*u + 3*n = -3. Suppose 8 = 6*m - 4. Suppose -m*d = 5*y - 3*y, 5*y + 3*d - 8 = u. List the prime factors of y.
2
Let b be ((-3)/(-5))/((-6)/(-30)). Suppose -b*k + 6 + 111 = 0. What are the prime factors of k?
3, 13
Suppose 0 = -7*v + 2*v + 35. Let y(l) = -l + 18. Let s be y(14). Let h = v + s. What are the prime factors of h?
11
Let z = -31 - -31. Let y(n) be the third derivative of -n**6/120 + 5*n**3/2 + n**2. List the prime factors of y(z).
3, 5
Let a(t) be the first derivative of -4*t**3/3 + t**2 + t + 1. Let l be a(-1). Let g = 8 + l. What are the prime factors of g?
3
Suppose -3*u - 1 = -10. Suppose -4*a - 18 = -2*o, 5*o = -u*a + 5*a + 61. List the prime factors of o.
13
Let b(a) = -6*a**2 + a**3 - 4 + 0*a**3 + 7*a - 1. List the prime factors of b(5).
5
Suppose -5*z - 10*j + 1386 = -8*j, 10 = -5*j. What are the prime factors of z?
2, 139
Suppose 2*l = -l + 12. What are the prime factors of (26/(-3))/(l/(-6))?
13
List the prime factors of -4*(-4)/16*2.
2
What are the prime factors of (-2)/5 + (3 - (-5310)/25)?
5, 43
Su